61
Let d = 47 - -148. What is the remainder when (-194 + d)*-18*(0 + -13) is divided by 86?
62
Suppose -2*a + t = -a - 18, -2*t = -3*a + 57. Suppose 0 = 40*q - 11*q - 464. What is the remainder when q/(-12) + 1122/18 is divided by a?
19
Let i(v) = 38*v - 124. Let s be i(10). Let a = 295 - s. What is the remainder when 131 is divided by a?
14
Suppose -22*n = 22*n - 3520. Calculate the remainder when 2479 is divided by n.
79
Suppose -718*o + 135 = 3*z - 715*o, 162 = 4*z - 5*o. What is the remainder when 534 is divided by z?
18
Suppose 2396*y - 2418*y + 21956 = 0. What is the remainder when y is divided by 32?
6
Let h(u) = 2*u**3 - 27*u**2 - 16*u + 59. What is the remainder when (-12)/66 - 2415/(-33) is divided by h(14)?
11
Let x(b) = b**3 + 10*b**2 + 3*b + 1. What is the remainder when 1161/(-162)*6 + 287 is divided by x(-4)?
74
Let s be (-16)/(-3)*105/28. Suppose i = -4*i + s. Suppose -52 = -3*m + 2*y, i*m - 5*y - 58 = 23. Calculate the remainder when m is divided by 4.
2
Let v(d) = 10*d + 557. Calculate the remainder when v(-42) is divided by 12.
5
Let v(a) = -66*a - 199. What is the remainder when v(-10) is divided by ((-48)/28)/(-3 - 580/(-196))?
41
Let p be (-8)/3*(-18)/24. Suppose -t + 2 = 4*z, 3*t - 8 = 5*z - 2. Suppose z*m - 2 = -m, -5*m - 42 = -p*x. What is the remainder when 154 is divided by x?
24
Suppose 13*t - 19*t - 6 = 0. What is the remainder when 44 is divided by 14 + (t + 5)/(-2)?
8
Let k be (-2 - -1) + (1 - 1) + 2. Let h be 193 + k + 6/(-3 + 1). Suppose -h - 79 = -10*x. What is the remainder when x is divided by 14?
13
Let l(c) = 76*c**2 + 2. Calculate the remainder when l(-1) is divided by (1 - 10/(-1)) + (5 - 0).
14
Suppose -4*h + 11*t = 14*t - 1432, 358 = h - 2*t. Calculate the remainder when h is divided by 29.
10
Let k(u) = 290*u**3 - u**2 + 2*u + 2. Let d be k(-1). Let f = d - -324. Let o(t) = -t + 4. What is the remainder when f is divided by o(-3)?
5
Let a = 5682 - 5481. What is the remainder when a is divided by 62?
15
Suppose -4*a - 32*g + 285 = -31*g, 5*g = 25. Calculate the remainder when a is divided by 68.
2
Let z = 34229 + -34153. Calculate the remainder when 84 is divided by z.
8
Let d(z) = 3*z**2 + 10*z + 3. Let g be d(-8). Suppose 4*l = -3*o + 3*l + 73, 3*l - g = -5*o. Calculate the remainder when o is divided by 9.
8
Let b be 10 - (4 - 0/2). Suppose 341 = b*v + 5*v. Calculate the remainder when v is divided by 30.
1
Suppose 5*b - 4*j - 10 = -3*j, j = -4*b + 8. Suppose 3*h - 4*y = 2*h - 3, -b*y - 58 = -4*h. Calculate the remainder when 83 is divided by h.
15
Let x = 63 + -15. Let c(f) = 3*f**2 - 76*f - 33. Calculate the remainder when c(28) is divided by x.
47
Let r = 0 - -13. Let q = r - -392. What is the remainder when q is divided by 37?
35
Let z = -7819 + 9269. Calculate the remainder when z is divided by 97.
92
Suppose 3*d = 7*d + 2*z - 152, 0 = -d - 5*z + 47. Let o(b) = -6 + 0*b**3 + 10*b**2 - 7*b - 2*b**3 + b**3 - 2. What is the remainder when d is divided by o(9)?
7
Let d(s) = s**3 - 15*s**2 + 14*s + 2. Let y be d(14). Suppose 11*k - 6 = 5. What is the remainder when 8 is divided by (y + k)/((-2)/(-2))?
2
Let n(g) = -g**3 - 2*g**2 + 3*g + 9. Let w be n(5). Let c = 183 + w. What is the remainder when 57 is divided by c?
25
Let g(d) = -d**3 - d**2 + d + 97. Suppose 3*x + 290 + 97 = 0. Let r = x + 149. What is the remainder when g(0) is divided by r?
17
Suppose 0 = 2*j + 148 - 142. What is the remainder when 34 is divided by 38 + 1 + j - 8?
6
Let s = -11 - -28. Suppose 5*d + 3*f = 60, 15*d = 17*d + 2*f - 28. What is the remainder when s is divided by d?
8
Suppose 132*i - 144 = 130*i. Calculate the remainder when 935 is divided by i.
71
Suppose -n + 3*u + 16 = 0, u - 21 = -4*n + 82. What is the remainder when 873 is divided by n?
23
Let r(h) = -h**3 + 16*h**2 - 5*h + 3. Calculate the remainder when r(14) is divided by 84.
73
Let p = 482 - 277. Suppose 7*d - p = 26. What is the remainder when d is divided by 22?
11
Let a(t) = -7*t + 54. Let s = -322 + 329. What is the remainder when 48 is divided by a(s)?
3
Suppose -15848 = -5*x - 2*u, 2*x + 4*u - 323 = 6013. What is the remainder when x is divided by 159?
149
Suppose -4*l = -c + 152, 0 = 2*c + 4*l + 58 - 290. Calculate the remainder when 274 is divided by c.
18
Let p(v) = 9*v**3 - 7*v**2 + 8*v - 5. Let b(a) = a**3 - 16*a**2 + 32*a - 15. What is the remainder when b(14) is divided by p(1)?
1
Let h(i) = 6*i**3 - 19*i**2 + 93*i - 150. Calculate the remainder when h(5) is divided by 159.
113
Let k = 3599 - 3560. What is the remainder when k is divided by 5?
4
Suppose 930*z = 925*z + 4*j + 1953, 3*j + 1961 = 5*z. Calculate the remainder when z is divided by 114*1/2 + 0.
55
Let o(j) = 2*j**2 - 10*j + 13. Let m(z) = -z**3 - 2*z**2 + 20*z - 186. Calculate the remainder when o(9) is divided by m(-8).
9
Suppose 49*z + 9990 = 16899. Calculate the remainder when 27210 is divided by z.
138
Let z(h) = -23*h + 5. Let i be z(-31). Suppose 3*l = 4*l - i. Suppose l = 6*r - 128. Calculate the remainder when r is divided by 48.
45
Suppose -25 = -3*j + 4*l, 0 = 3*j - 6*j - 3*l - 3. Suppose 5*h - 40 = -0*u - j*u, h - 5*u - 36 = 0. What is the remainder when 97 is divided by h?
9
Let p(x) = 2*x - 20. Let y be p(10). Suppose -8*i + 5*i + 102 = y. Suppose 3*n - 89 = i. Calculate the remainder when n is divided by 9.
5
Let m(w) = -545*w - 522. Calculate the remainder when 1787 is divided by m(-1).
16
Let u = -248 - -97. Let a = 154 + u. Suppose a*w - 7*w + 28 = 0. Calculate the remainder when w is divided by 3.
1
Suppose 24088 = 3*j + 5*q, -5*j = -5*q + q - 40196. What is the remainder when j is divided by 20?
16
Suppose 5*p = 2*j - 693, 0 = -3*p - 2*p + 5. What is the remainder when j is divided by (54/90 + (-102)/45)*-42?
69
Let d(i) = i**3 - i**2 - i + 6. Let f(a) = -14845*a + 222687. Calculate the remainder when f(15) is divided by d(0).
0
Let n be (30/25)/(3/(-170)). Let b = -65 - n. What is the remainder when 730/12 + b/18 is divided by 16?
13
Let y = 79 - 7. Suppose -2*l + 182 = 5*p, 0*p - 3*p - 182 = -2*l. Suppose 9*c - l - 44 = 0. What is the remainder when y is divided by c?
12
Let s = 6014 - 5780. Calculate the remainder when s is divided by 11.
3
Let i be (-5)/3 + 10/15. Let u be (-19 - 392/(-20))*(-5)/(-3). What is the remainder when 1584/54*u*(i - -4) is divided by 45?
43
Suppose z = 4*w + 219 + 89, 5*w = -z - 376. Let g = w - -182. Calculate the remainder when g is divided by 29.
19
Let j(f) = -11*f + 95. Let t be j(5). Suppose 69 = t*v - 17*v. Calculate the remainder when v is divided by 2.
1
Let d(q) = 21*q**2 - 317*q - 2251. Calculate the remainder when d(-7) is divided by 19.
9
Suppose 9*t - 2971 = -5*t + 669. Calculate the remainder when t is divided by 8.
4
Let x(j) = j**3 - j**2 - 10*j + 714. Calculate the remainder when x(0) is divided by 54.
12
Calculate the remainder when (-1996272)/(-270)*(-20)/(-8) is divided by 117.
115
Suppose 154*c - 127330 = 72*c + 77*c. Calculate the remainder when c is divided by 39.
38
Let h be 5 - 770/150 - 154/(-30). Suppose 8*s - 7*s + 45 = 3*q, h*q - 75 = 4*s. What is the remainder when 87 is divided by q?
12
Let c = -4705 + 4919. Calculate the remainder when 458 is divided by c.
30
Suppose 2*j + 145 = 5*j - 5*k, -j = -3*k - 55. Calculate the remainder when 129 is divided by j.
9
Let t be (-6)/(-2) + 3/(-3). Suppose -4*a - 2*z + 562 = 0, a + t*z = z + 138. What is the remainder when a is divided by 1 + 68/4 - 2?
15
Let b(z) = -8*z**2 - 3*z + 9 - 6*z + z**3 - 1. Suppose 4*j - 326 = -290. What is the remainder when 14 is divided by b(j)?
6
Suppose -1179 = 244*f - 253*f. Let k = 151 - f. Suppose -4*q + 248 = 5*o + 85, -4*o = 2*q - 134. What is the remainder when o is divided by k?
15
Suppose 114*m + 76*m = 170620. What is the remainder when m is divided by 6?
4
Let l(f) = f**3 + 31*f**2 + 2*f + 1111. Calculate the remainder when 295 is divided by l(-32).
19
Suppose 2*k + 5 - 9 = 0. Suppose -h = -n - 16, k*n = h + 3*h - 64. What is the remainder when h/(-64)*(-664)/2 is divided by 12?
11
Let c(f) = f**2 - 4*f. Let r be 2 + 1 + -1 + 2/(-1). Suppose r = -4*i, 3*g + 5*i - 12 = 21. What is the remainder when c(7) is divided by g?
10
Suppose -9*b + 2544 = -3. Suppose 0 = -6*z - 217 + b. What is the remainder when 98 is divided by 